*y**4/12 + 5*y**2 - 9. Let q(m) be the second derivative of k(m). Calculate q(11).
-45
Suppose -170 = -2*s - 6*v - 124, 4*s + 4*v - 20 = 0. Let h(j) = 2*j + 6 - 2 + 0. Give h(s).
-4
Let k(l) = l**3 + 8*l**2 - 8*l - 8. Let q be k(-7). Let r = q + -91. Let j(w) = -2*w + 4. Give j(r).
-8
Let w = -2958 - -2947. Let p(g) = -3*g - 33. What is p(w)?
0
Let n be 16/(-4) - (-38 + 6). Let f(i) = n*i**3 + 1 - 4 - 21*i**3 + 2. Let d(v) = -2*v - 1. Let c be d(-1). What is f(c)?
6
Let a(u) = u**3 + 15*u**2 - 4*u - 66. Let k be 2*72/(-16)*(-1 + (-8)/(-3)). Calculate a(k).
-6
Let d(f) = -f + 6. Let b be d(4). Suppose 3*q - b*s = -23, -2*s = -3*q + 7*q + 12. Let k(o) = 400 - 398 - 3*o + 2*o. Give k(q).
7
Suppose 18*x - 17*x = 6. Suppose -16 = 4*m, -2*z + 5*m + 0 + 32 = 0. Let q(y) = -3*y + 5. Let p(j) = -3*j + 5. Let g(l) = z*q(l) - 5*p(l). What is g(x)?
-13
Let i(h) = -4*h - 32. Let q(m) = -3*m - 26. Let x(t) = -4*i(t) + 5*q(t). Suppose 5 - 17 = -2*b. Let u(s) = s - 8. Let o be u(b). Calculate x(o).
-4
Let l(c) = -2*c**2 + 2*c + 1. Let r be l(3). Let p be r - (-6)/(-2 - -3). Let d(h) = h**2 + 9*h + 2. Determine d(p).
-18
Let w be 72/(-135)*-3 - (-2)/5. Let p(b) = 6*b - 3 - 6 - w*b + 2*b. Calculate p(6).
27
Let u(d) = -d**3 + 18*d**2 + 20*d + 24. Suppose 4140 = 200*a + 340. Determine u(a).
43
Let d(w) = -w**3 + w. Let n(m) = 0 - 14 - 285*m - 4*m**3 + 300*m + 10*m**2. Let o(a) = -3*d(a) + n(a). Determine o(11).
-3
Let k(l) = 9*l**3 - 2*l**2 - l. Let w(j) = -2*j + 5. Let z be (15/(-10) - -2)*0. Suppose 3*c + z + 3 = s, c = -s + 3. Let u be w(s). What is k(u)?
-10
Suppose -196*y = -170*y - 78. Let r(v) = v**2 - v - 4. What is r(y)?
2
Let i(j) = j**2 + 335*j + 5097. Let r be i(-16). Let y(q) = q**2 - 9*q - 48. Give y(r).
64
Let n(q) be the third derivative of -205*q**2 + 0*q + 7/6*q**3 + 0 - 1/6*q**4. Calculate n(5).
-13
Let t be 29/(-11) + (-3200)/8800. Let c(k) = -15*k**3 - 11*k**2 + 4. Let i(l) = -7*l**3 - 5*l**2 + 2. Let p(x) = 6*c(x) - 13*i(x). Give p(t).
-38
Let x = 3 - 3. Let l(h) = 7*h**3 + 1 + 2*h**3 - h**2 + x. Suppose 0 = -93176*a + 93114*a + 62. Determine l(a).
9
Suppose -4*i - i - 3*c = -1, 7 = -4*i - 5*c. Let q(u) = -u**2 - 3. Let s = 97 + -92. Let l(n) = -n**2 - 4. Let h(g) = s*q(g) - 4*l(g). Give h(i).
-3
Suppose 2*u = -150 + 170. Suppose -10 = -5*p + 2*j, 5*p - u + 0 = j. Let f(h) = -2*h. Let r(n) = -10*n + 1. Let b(d) = 9*f(d) - 2*r(d). What is b(p)?
2
Let t = 2 - 2. Let y(c) = 9*c + 3. Let n be y(0). Suppose n*k = -t*k + k. Let s(j) = j**3 + j**2 + j - 8. Determine s(k).
-8
Let a(n) = 8*n**2 + 4*n + 16. Let c(y) = y**2 - y - 3. Let f(k) = -a(k) - 5*c(k). Suppose 0 = -104*l + 107*l - 3. Give f(l).
-13
Let v(y) = -y**2 - 28*y - 117. Let x be v(-5). Let j be (0/(-55))/((-10)/x). Let a(o) = -o**2 - o + 11. Give a(j).
11
Suppose -142 = 4*v - 6. Let m be (-208)/v + 10/(-85). Suppose 27 + 3 = -m*j. Let s(y) = -y**3 - 4*y**2 + 7*y - 2. What is s(j)?
-12
Let q(f) be the second derivative of -f**5/60 + 7*f**3/6 + 5*f**2/2 + f. Let x(a) be the first derivative of q(a). Let p = 70 - 70. Determine x(p).
7
Let b(j) = 2*j - 21. Suppose 0 = 83*l + 625 + 205. Calculate b(l).
-41
Let g(f) = -f**3 - 12*f**2 + 16*f + 19. Let v = -1574 - -1561. Determine g(v).
-20
Suppose 23*l - 33*l = 0. Suppose 17*m = j + 19*m + 3, l = -4*m - 20. Let c(v) = -v + 13. Calculate c(j).
6
Let g(z) = z**3 - 6*z**2 - 4. Let u(l) = l**2 - 2*l - 2. Suppose 6 = -4*h + 2*a - 0*a, -2*h - a = 5. Let j be u(h). Give g(j).
-4
Let x(q) = q**2 - q - 18. Let r be x(-4). Let s(m) = -27 + 27 - 7*m - m**r. Calculate s(-7).
0
Suppose -2050*z = -2064*z + 112. Let d(t) = 54*t + 2. Let m be d(3). Let l(i) = -2 + z - m*i + 166*i. Give l(-5).
-4
Suppose -3 + 87 = -15*g + 3*g. Let u(z) = -z**2 + 24. Calculate u(g).
-25
Suppose 4*y - 9*g = -11*g + 60, 36 = 2*y + 4*g. Let c(w) = w**2 - 13*w - 24. Let d be c(y). Let b(u) = -3*u - 15. What is b(d)?
15
Let j(y) = -5 + 1 + 10*y - 372*y**2 + 371*y**2 - y**3. Determine j(-5).
46
Let m(w) = -105*w - 67. Let d(x) = 185*x + 129. Let k(q) = 4*d(q) + 7*m(q). Determine k(-10).
-3
Let m(p) = p - 43. Let t be 10 - 3848/390 - (-4)/30*329. Calculate m(t).
1
Let q(j) = 2*j**3 + 34*j**2 - 13. Suppose -13*x - 40*x - 1098 + 197 = 0. Determine q(x).
-13
Let x(v) = -3*v**2 + 2*v + 1. Let f be 6/(-4)*(4 + (-68)/6). Suppose 6 = f*y - 9*y. Suppose 4*q + 2*t - 2 = -4, 0 = -q + 2*t - y. Calculate x(q).
-4
Let z(m) = -m**2 + 14*m - 48. Suppose -13*r - 115 = -232. Give z(r).
-3
Let k(t) = -2*t**2 - 9*t + 9. Let g(q) = q**2. Let i(j) = 3*g(j) + k(j). Let v = 1147 - 952. Let d = 202 - v. Calculate i(d).
-5
Let m(d) = -2615*d + 1306*d + 1310*d - 12. What is m(6)?
-6
Let x(i) = i**3 - 4*i**2 + i - 11. Let h(u) = 17*u - 200. Let b be h(12). Give x(b).
-7
Let t(f) = 167*f**2 - 19*f - 373. Let i(g) = 76*g**2 - 9*g - 170. Let k(j) = 11*i(j) - 5*t(j). Let s be (-1)/(-2)*2*5. Calculate k(s).
0
Let t(u) = -u**3 - 14*u**2 + 12*u + 30. Let o be t(-15). Let j be ((-5)/(75/12))/((-10)/o). Let h(r) = 3*r + 3. What is h(j)?
21
Let w(h) be the third derivative of h**6/120 - h**5/12 - 13*h**4/24 + 23*h**3/6 + 11722*h**2. Determine w(8).
111
Let j(x) = x**2 - 5*x - 2 - 4*x**2 - x**2 - x**3. Suppose 0 = 2*c - 44 + 6. Suppose -18 = 2*p + 3*r, c*p - 23*p - 24 = 3*r. Determine j(p).
4
Let s(p) = -8*p**2 + 32*p + p**3 - 109*p + 29*p + 12 + 24*p + 16*p. Calculate s(9).
21
Let i(o) be the first derivative of -1/3*o**3 + 3*o - 42 + 1/2*o**2. What is i(4)?
-9
Let h(w) be the third derivative of -w**6/120 - 7*w**5/60 + 5*w**4/24 - w**3 + 1021*w**2. Give h(-6).
-72
Let r = 31 + -26. Let a(n) be the first derivative of -3*n**2 + 7*n + 355. Determine a(r).
-23
Let j(m) = m**3 + 6*m**2 - 7*m + 5. Suppose -69 = -10*t - 19. Suppose 5*s - t*w - 71 = 124, -159 = -5*s - 4*w. Let q = 28 - s. Give j(q).
5
Suppose 2*p + 4*f = 23 + 35, p + 3*f = 25. Let y = p + -32. Let q(t) = t**2 + y*t**3 + 13 + 2*t**2 - 6*t**3 - 2*t**2. Calculate q(0).
13
Let l(c) be the third derivative of 52*c**2 + 0 + 0*c - 25/6*c**3 - 1/12*c**4. Determine l(-10).
-5
Suppose -h + 7*k - 2*k = -17, -4*h + 4*k + 68 = 0. Suppose 5*g = s - h, s - g + 5*g + 1 = 0. Let q(v) = 222 - 112 - 109 - s*v. Determine q(-2).
15
Let g(r) be the second derivative of 5*r**3/3 - 39*r**2 - 30*r - 10. Give g(5).
-28
Let p(j) be the third derivative of -j**4/12 - 4*j**3 + 2*j**2 - 74. What is p(-9)?
-6
Let m = -5/567 - -761/567. Let v(f) be the first derivative of f - 1/2*f**2 + 1 + m*f**3. Determine v(1).
4
Let u be -1 + 316/36 + 0 + 6/27. Let d(y) = -2*y**2 + 13*y + 33. Calculate d(u).
9
Let o(w) = 70*w - 9*w - 51*w + 9 + 3. Calculate o(6).
72
Let v(m) be the second derivative of -m**4/12 + 13*m**3/6 + 9*m**2 + 725*m. Give v(11).
40
Let j(v) = -v**3 + 9*v**2 - 8*v + 7. Let a(m) = -m**3 + 8*m**2 + 13*m - 24. Let u be a(7). Let q be 4/(-14) - (-6)/84*u. Determine j(q).
7
Let k(f) = -14*f + 15. Let p(i) = -6*i + 7. Let z(s) = -6*k(s) + 13*p(s). Let n(t) = t**2 + 18*t - 143. Let l be n(6). Calculate z(l).
7
Let c(q) be the second derivative of 0 + 1/2*q**2 + 52*q + 5/6*q**3. Determine c(-1).
-4
Let r be 16*(1 + -2) - 23/(19 - 42). Let k(l) = -l**2 - 19*l - 11. What is k(r)?
49
Let t(z) = 8*z - 19. Let f(g) = 18*g - 23. Let h(r) = 2*f(r) - 5*t(r). What is h(14)?
-7
Let z(o) be the third derivative of o**5/60 + 5*o**4/8 + 14*o**3/3 - 836*o**2. What is z(-10)?
-22
Let j(f) be the second derivative of -f**6/120 - f**5/20 - f**4/24 - f**3/2 - 34*f**2 - 2*f + 26. Let p(w) be the first derivative of j(w). What is p(-3)?
0
Suppose -99*y + 1 - 691 = -53*y. Let i(k) = -k**3 - 16*k**2 - 14*k - 19. Calculate i(y).
-34
Let g(q) be the second derivative of -q**3/3 + 13*q**2/2 - 9065*q. What is g(-13)?
39
Let i(q) be the third derivative of q**6/120 + q**5/12 - q**4/8 - q**3/3 - 3*q**2 - 269. What is i(-3)?
25
Let j(v) = 3*v**2 - 45*v + 75. Let y be j(13). Let b(g) = 4*g - 5*g + 3 + 9*g. Determine b(y).
-21
Let g(n) be the second derivative of -n**7/420 + n**6/90 + n**5/120 + 6*n**3 - n**2/2 - 49*n. Let p(l) be the second derivative of g(l). Calculate p(3).
-15
Suppose 2*c - 21 + 23 = 0. Suppose t + 3*z + 7 = 8*z, 2*z - 4 = 0. Let i be (-28)/14 - t/c. Let l(d) = -16*d**2 + 1. Determine l(i).
-15
Suppose v - 4 = 0, 3*l = 4*v - 258 - 37. Let q be 20/35 - l/21. Let o(b) = -b**2 + 4*b - 9. Give o(q